{"id":165,"date":"2024-09-13T14:29:28","date_gmt":"2024-09-13T14:29:28","guid":{"rendered":"http:\/\/spixelz.com\/?page_id=165"},"modified":"2025-06-08T20:26:31","modified_gmt":"2025-06-08T20:26:31","slug":"set-list","status":"publish","type":"page","link":"https:\/\/spixelz.com\/?page_id=165","title":{"rendered":"Set List"},"content":{"rendered":"\n<p><strong>O Set List da banda tem 20 m\u00fasicas, sendo 10 autorais e 10 covers, com aproximadamente 1:30h de dura\u00e7\u00e3o<\/strong>.<\/p>\n\n\n\n<ul>\n<li>Taking the Subway ( autoral )<\/li>\n\n\n\n<li>Feel so Close ( Calvin Harris )<\/li>\n\n\n\n<li>Follow me to paradise ( autoral )<\/li>\n\n\n\n<li>Pure Energy ( Information Society )<\/li>\n\n\n\n<li>What do you want from me ( Monaco )<\/li>\n\n\n\n<li>Edge of Love ( autoral )<\/li>\n\n\n\n<li>Shoe Shop Girl ( autoral )<\/li>\n\n\n\n<li>Uprising ( Muse )<\/li>\n\n\n\n<li>Go ( Tones on Tail )<\/li>\n\n\n\n<li>Ferris Wheel ( autoral )<\/li>\n\n\n\n<li>7 Seconds ( autoral )<\/li>\n\n\n\n<li>Pumped Up Kicks ( Foster the People )<\/li>\n\n\n\n<li>Will I ( autoral )<\/li>\n\n\n\n<li>Love Will Tear us Apart ( Joy Division )<\/li>\n\n\n\n<li>Take me Away ( autoral )<\/li>\n\n\n\n<li>Enjoy the Silence ( Depeche Mode )<\/li>\n\n\n\n<li>Sedated ( autoral )<\/li>\n\n\n\n<li>Kindred Spirits ( autoral )<\/li>\n\n\n\n<li>Safe and Sound ( Capital Cities )<\/li>\n<\/ul>\n","protected":false},"excerpt":{"rendered":"<p>O Set List da banda tem 20 m\u00fasicas, sendo 10 autorais e 10 covers, com aproximadamente 1:30h de dura\u00e7\u00e3o.<\/p>\n","protected":false},"author":1,"featured_media":0,"parent":0,"menu_order":0,"comment_status":"closed","ping_status":"closed","template":"","meta":{"footnotes":""},"_links":{"self":[{"href":"https:\/\/spixelz.com\/index.php?rest_route=\/wp\/v2\/pages\/165"}],"collection":[{"href":"https:\/\/spixelz.com\/index.php?rest_route=\/wp\/v2\/pages"}],"about":[{"href":"https:\/\/spixelz.com\/index.php?rest_route=\/wp\/v2\/types\/page"}],"author":[{"embeddable":true,"href":"https:\/\/spixelz.com\/index.php?rest_route=\/wp\/v2\/users\/1"}],"replies":[{"embeddable":true,"href":"https:\/\/spixelz.com\/index.php?rest_route=%2Fwp%2Fv2%2Fcomments&post=165"}],"version-history":[{"count":8,"href":"https:\/\/spixelz.com\/index.php?rest_route=\/wp\/v2\/pages\/165\/revisions"}],"predecessor-version":[{"id":215,"href":"https:\/\/spixelz.com\/index.php?rest_route=\/wp\/v2\/pages\/165\/revisions\/215"}],"wp:attachment":[{"href":"https:\/\/spixelz.com\/index.php?rest_route=%2Fwp%2Fv2%2Fmedia&parent=165"}],"curies":[{"name":"wp","href":"https:\/\/api.w.org\/{rel}","templated":true}]}}